 21*w - 1102. Determine o(50).
348
Let f(z) = 95*z**2 + 1309*z - 318. Give f(-14).
-24
Let y(u) = u**2 - 192*u + 6759. What is y(144)?
-153
Let n(u) = 1179*u + 243716. Calculate n(-206).
842
Let l(d) = d**3 - 12*d**2 + 38*d - 29. What is l(7)?
-8
Let o(p) = 2*p**3 + 36*p**2 - 153*p - 1876. Determine o(-20).
-416
Let h(c) = -1623*c - 40580. Calculate h(-25).
-5
Let d(p) = p**3 + 10*p**2 - 309*p - 822. Determine d(-24).
-1470
Let l(c) = 207*c**2 - 21724*c - 1130. What is l(105)?
25
Let f(z) = -53*z**2 - 40*z + 289. Calculate f(5).
-1236
Let u(p) = 7797*p - 23439. Determine u(3).
-48
Let t(o) = -2*o**3 - 430*o**2 - 8849*o - 3269. What is t(-192)?
-5
Let a(s) = -148*s + 10508. Determine a(69).
296
Let k(q) = -70589*q + 564785. Calculate k(8).
73
Let i(z) = 123*z - 477. Determine i(3).
-108
Let m(k) = 88317*k - 706540. Calculate m(8).
-4
Let t(c) = -21*c**3 + 2269*c**2 - 343*c + 25375. Give t(108).
-5
Let r(w) = 12165*w - 157936. Calculate r(13).
209
Let j(f) = -239*f - 2288. Give j(-13).
819
Let m(v) = -131*v**2 - 10737*v + 409. Give m(-82).
-1
Let u(x) = -2565*x**2 - 12824*x + 5. Calculate u(-5).
0
Let y(v) = 940*v + 12030. Calculate y(-13).
-190
Let b(a) = -a**3 + 22*a**2 - 197*a + 3742. Calculate b(21).
46
Let a(f) = 92*f - 4391. Give a(50).
209
Let v(i) = -i**3 - 63*i**2 - 495*i - 18971. Calculate v(-60).
-71
Let x(s) = -s**2 - 87*s + 2644. Determine x(20).
504
Let t(x) = -x**3 + x**2 + 2*x - 1. What is t(-5)?
139
Let u(d) = -2*d**3 - 661*d**2 - 5784*d + 30. What is u(-9)?
3
Let s(m) = 11016882*m - 44067537. Calculate s(4).
-9
Let y(h) = 533*h + 2805. Give y(-5).
140
Let p(q) = -q**3 - 11*q**2 - 7556*q - 30121. What is p(-4)?
-9
Let l(h) = h**3 + 60*h**2 - 3208*h + 413. Determine l(34).
5
Let v(o) = -o**2 + 1514*o - 9035. What is v(6)?
13
Let q(h) = 59238*h + 473895. Give q(-8).
-9
Let o(p) = 912*p + 151387. Calculate o(-166).
-5
Let q(v) = -v**2 + 304*v - 9480. Calculate q(270).
-300
Let w(m) = 2*m**2 + 334*m + 11189. Give w(-46).
57
Let z(i) = -399*i - 806. Determine z(0).
-806
Let w(k) = -74*k + 1253. Determine w(14).
217
Let g(j) = -2*j**3 - 563*j**2 + 497*j + 218634. Calculate g(-281).
16
Let t(u) = -3*u**3 + 265*u**2 - 107*u + 1637. Give t(88).
-35
Let p(r) = -3*r**3 + 48*r**2 - 176*r + 53. What is p(9)?
170
Let n(i) = 401*i + 9452. What is n(-25)?
-573
Let z(t) = 3673*t - 3541. What is z(1)?
132
Let z(a) = 973*a + 10618. Determine z(-12).
-1058
Let u(j) = -1155*j - 601752. Calculate u(-521).
3
Let k(b) = -870*b + 61731. Give k(71).
-39
Let d(a) = 97*a**2 + 747*a - 106. Calculate d(-8).
126
Let c(u) = u**2 - 911*u - 30205. What is c(-32)?
-29
Let u(c) = 4*c**3 - c**2 - 1883*c - 11771. Determine u(-7).
-11
Let z(t) = 2*t**2 + 13153*t - 171326. Give z(13).
1
Let v(w) = -18*w**2 + 83*w - 6271. Give v(0).
-6271
Let o(c) = 37*c - 1260. Calculate o(31).
-113
Let s(f) = -5753*f - 22973. What is s(-4)?
39
Let b(q) = 73*q + 3953. Give b(-54).
11
Let d(f) = -f**3 - 29*f**2 - 114*f + 1451. Determine d(-19).
7
Let w(o) = o**3 - 46*o**2 + 449*o - 23294. What is w(47)?
18
Let d(w) = -w**3 + 28*w**2 + 358*w + 718. What is d(38)?
-118
Let p(j) = 13235*j + 26484. Give p(-2).
14
Let k(x) = x**3 + 208*x**2 - 1653*x - 343837. Calculate k(-208).
-13
Let k(h) = -4780*h + 511495. What is k(107)?
35
Let m(q) = 16*q**3 + 82*q**2 - 4*q - 37. Determine m(-4).
267
Let d(u) = -12*u**3 - 1514*u**2 - 256*u - 335. What is d(-126)?
169
Let i(o) = 15814*o + 442804. Determine i(-28).
12
Let q(b) = -50*b - 8676. Give q(-173).
-26
Let v(m) = -m**3 - 21*m**2 + 1661*m + 17711. Give v(-10).
1
Let w(y) = -y**3 + 17*y**2 + 121*y - 1384. Give w(20).
-164
Let y(v) = -v**3 - 25*v**2 + 165*v + 4013. Give y(-25).
-112
Let u(r) = -6*r**2 + 715*r - 4705. Give u(7).
6
Let r(q) = 100265*q + 1704503. Give r(-17).
-2
Let f(a) = a**2 + 4982*a - 9966. Give f(2).
2
Let r(i) = -4*i**3 - 118*i**2 + 1407*i + 22280. Calculate r(-35).
-15
Let b(a) = -5564*a - 390. Calculate b(0).
-390
Let f(k) = -k**2 - 364*k - 32233. Give f(-225).
-958
Let f(x) = -1291*x + 109646. Determine f(85).
-89
Let w(z) = -5*z**2 + 685*z - 20944. Give w(91).
-14
Let a(x) = -29123*x - 8765971. Determine a(-301).
52
Let u(y) = 465*y - 4972. Calculate u(11).
143
Let l(g) = g**2 + 7650*g - 524818. What is l(68)?
6
Let c(z) = -11798*z - 130064. Determine c(-11).
-286
Let d(u) = -11*u**3 + 9*u**2 - 325*u - 1697. Calculate d(-5).
1528
Let a(g) = 2*g**3 + 73*g**2 - 3188*g - 111238. Give a(-32).
-6
Let k(m) = -2925*m - 391. What is k(0)?
-391
Let z(s) = 5*s**2 + 181*s - 530. What is z(-38)?
-188
Let q(w) = 1323*w**2 + 154785*w + 247. Calculate q(-117).
949
Let l(n) = 5*n**3 + 6*n**2 - 117*n + 14. What is l(6)?
608
Let s(f) = -f**3 + 87*f**2 - 1676*f + 235. Determine s(59).
-1181
Let t(s) = 5974*s + 83660. Calculate t(-14).
24
Let b(v) = -31*v**2 - 1022*v - 4059. Calculate b(-4).
-467
Let a(t) = -7*t**2 + 1385*t - 6332. Determine a(193).
230
Let y(a) = -1735*a - 256611. What is y(-148)?
169
Let n(v) = 4*v**2 - 28351*v + 113349. What is n(4)?
9
Let k(q) = 2*q**2 - 26794*q - 214483. Give k(-8).
-3
Let s(y) = 457*y + 1144. Determine s(-2).
230
Let g(s) = -33845*s + 7784358. Calculate g(230).
8
Let u(p) = 8252*p + 652683. Determine u(-79).
775
Let g(x) = -9*x**2 - 133*x - 263. What is g(-13)?
-55
Let h(r) = r**3 + 165*r**2 + 1120*r + 83. Give h(-7).
-15
Let h(k) = k**2 + 584*k - 8098. Determine h(14).
274
Let w(k) = 19*k**3 + 10*k**2 + 95*k - 230. Determine w(2).
152
Let q(m) = -4907*m + 111048. Give q(23).
-1813
Let b(m) = -3*m**2 - 4031*m - 28159. Determine b(-7).
-89
Let j(b) = 6398*b + 467011. What is j(-73)?
-43
Let f(n) = -4486*n - 94204. Determine f(-21).
2
Let x(a) = 309*a**2 - 24104*a + 36. Determine x(78).
-120
Let r(a) = 2*a**2 - 17*a + 128. What is r(12)?
212
Let i(o) = 5900*o - 258903. Give i(44).
697
Let i(u) = -28556*u - 85660. Determine i(-3).
8
Let t(b) = 5155*b + 29. What is t(0)?
29
Let g(m) = 67*m**2 - 608*m + 2462. Give g(4).
1102
Let w(f) = 4*f**2 + 86*f - 1773. Calculate w(-40).
1187
Let n(p) = -6*p**3 + 245*p**2 + 295*p - 30. Calculate n(42).
12
Let v(h) = 17*h**3 - 579*h**2 - 1041*h + 36549. Give v(34).
-1
Let n(p) = p**3 + 23*p**2 - 264*p - 6020. Give n(-25).
-670
Let c(s) = s**2 + 161*s + 2977. What is c(-25)?
-423
Let a(w) = 8*w**3 + 2493*w**2 - 8488*w + 5360. Give a(-315).
5
Let h(k) = 4320*k - 238259. Calculate h(55).
-659
Let h(y) = y**3 + 108*y**2 - 15*y - 1091. Give h(-108).
529
Let l(i) = -2*i**3 - 146*i**2 - 2647*i - 924. What is l(-41)?
19
Let n(f) = 6*f**2 + 1826*f + 29899. Calculate n(-287).
51
Let v(d) = 60*d**2 + 9*d + 78. What is v(-4)?
1002
Let z(d) = -d**3 - 81*d**2 + 308*d + 11776. Give z(-83).
-10
Let p(d) = -2562*d + 563. Give p(-1).
3125
Let a(b) = 15*b**2 - 199*b + 563. What is a(15)?
953
Let u(l) = 2*l**3 - 3*l**2 - 96*l - 287. What is u(-6)?
-251
Let q(b) = -43*b**2 + 6751*b + 10. What is q(157)?
10
Let f(d) = -2*d**2 + 1291*d - 77515. What is f(67)?
4
Let j(k) = -871*k - 31103. What is j(-36)?
253
Let t(l) = -l**3 - 35*l**2 - 273*l + 251. Determine t(-13).
82
Let n(f) = -20*f**2 - 5414*f - 188365. Calculate n(-41).
-11
Let d(s) = 205*s**2 + 376*s - 1803. Give d(-4).
-27
Let v(d) = 3*d**3 - 164*d**2 + 119*d + 19. What is v(54)?
613
Let x(w) = -148*w + 25708. Determine x(168).
844
Let b(p) = -53*p**3 - 148*p**2 + 10*p + 18. Give b(-3).
87
Let l(x) = -x**3 - 3*x**2 - 3985*x - 15978. Determine l(-4).
-22
Let c(l) = 2*l**2 - 115*l + 1417. Give c(40).
17
Let x(o) = -13593*o - 937942. What is x(-69)?
-25
Let v(a) = -a**3 - 145*a**2 - 219*a - 11194. What is v(-144)?
-394
Let w(y) = 100888*y - 302679. Determine w(3).
-15
Let z(n) = -2*n**3 - 34*n**2 - 83*n - 3. Determine z(-3).
-6
Let k(m) = 2*m**3 + 127*m**2 - 71*m - 464. Calculate k(-64).
-16
Let c(m) = -379*m + 5895. Calculate c(16).
-169
Let o(l) = 2699607*l + 1. Calculate o(0).
1
Let m(i) = 3*i**3 - i**2 - 28*i + 48. Calculate m(2).
12
Let f(u) = 116847*u - 350514. Calculate f(3).
27
Let l(f) = f**3 + 121*f**2 + 95*f + 11609. What is l(-121)?
114
Let p(n) = 5111*n - 551972. Give p(108).
16
Let v(h) = 2590*h - 445365. What is v(172)?
115
Let f(m) = -46*m**2 - 536*m + 50. Calculate f(-16).
-3150
Let s(t) = 29870*t + 1105190. Give s(-37).
0
Let j(s) = 57*s**3 + 26*s**2 + 23*s - 2. Determine j(-1).
-56
Let o(p) = -164*p - 4070. Determine o